{"id":995,"date":"2026-02-26T09:30:12","date_gmt":"2026-02-26T08:30:12","guid":{"rendered":"https:\/\/plyvag.fr\/?page_id=995"},"modified":"2026-04-11T14:19:25","modified_gmt":"2026-04-11T12:19:25","slug":"occasion","status":"publish","type":"page","link":"https:\/\/plyvag.fr\/index.php\/occasion\/","title":{"rendered":"Occasion"},"content":{"rendered":"\n<p><strong>Malaouig 10 <\/strong>est \u00e0 vendre.<\/p>\n\n\n\n<p>Mod\u00e8le d&rsquo;exposition et d&rsquo;essai. Construit en Septembre 2025.<\/p>\n\n\n\n<p>L\u00e9ger, rapide, solide, une car\u00e8ne \u00e9prouv\u00e9e, un pont \u00e9tudi\u00e9 pour la randonn\u00e9e c\u00f4ti\u00e8re. <\/p>\n\n\n\n<p>Int\u00e9gralement construit dans l&rsquo;atelier \u00e0 Ploumanac&rsquo;h. <\/p>\n\n\n\n<p>Le kayak id\u00e9al pour explorer les rivages c\u00f4tiers, glisser et se faufiler entre les rochers, s&rsquo;amuser dans le clapot.<\/p>\n\n\n\n<p>Tr\u00e8s bon \u00e9tat.<\/p>\n\n\n\n<p>Prix de vente : 2800 \u20ac<\/p>\n\n\n\n<p>Renseignements : <a href=\"mailto:yann.guelou.plyvag@gmail.com\">yann.guelou.plyvag@gmail.com<\/a><\/p>\n\n\n\n<figure class=\"wp-block-video\"><video height=\"1080\" style=\"aspect-ratio: 1920 \/ 1080;\" width=\"1920\" autoplay controls muted src=\"https:\/\/plyvag.fr\/wp-content\/uploads\/2026\/02\/IMG_3246.mp4\" playsinline><\/video><\/figure>\n","protected":false},"excerpt":{"rendered":"<p>Malaouig 10 est \u00e0 vendre. Mod\u00e8le d&rsquo;exposition et d&rsquo;essai. Construit en Septembre 2025. L\u00e9ger, rapide, solide, une car\u00e8ne \u00e9prouv\u00e9e, un pont \u00e9tudi\u00e9 pour la randonn\u00e9e c\u00f4ti\u00e8re. Int\u00e9gralement construit dans l&rsquo;atelier \u00e0 Ploumanac&rsquo;h. Le kayak id\u00e9al pour explorer les rivages c\u00f4tiers, glisser et se faufiler entre les rochers, s&rsquo;amuser dans le clapot. Tr\u00e8s bon \u00e9tat. Prix [&hellip;]<\/p>\n","protected":false},"author":1,"featured_media":0,"parent":0,"menu_order":0,"comment_status":"closed","ping_status":"closed","template":"","meta":{"footnotes":""},"class_list":["post-995","page","type-page","status-publish","hentry"],"yoast_head":"<!-- This site is optimized with the Yoast SEO plugin v27.4 - https:\/\/yoast.com\/product\/yoast-seo-wordpress\/ -->\n<title>Occasion - PlyVag<\/title>\n<meta name=\"robots\" content=\"index, follow, max-snippet:-1, max-image-preview:large, max-video-preview:-1\" \/>\n<link rel=\"canonical\" href=\"https:\/\/plyvag.fr\/index.php\/occasion\/\" \/>\n<meta property=\"og:locale\" content=\"fr_FR\" \/>\n<meta property=\"og:type\" content=\"article\" \/>\n<meta property=\"og:title\" content=\"Occasion - PlyVag\" \/>\n<meta property=\"og:description\" content=\"Malaouig 10 est \u00e0 vendre. Mod\u00e8le d&rsquo;exposition et d&rsquo;essai. Construit en Septembre 2025. L\u00e9ger, rapide, solide, une car\u00e8ne \u00e9prouv\u00e9e, un pont \u00e9tudi\u00e9 pour la randonn\u00e9e c\u00f4ti\u00e8re. Int\u00e9gralement construit dans l&rsquo;atelier \u00e0 Ploumanac&rsquo;h. Le kayak id\u00e9al pour explorer les rivages c\u00f4tiers, glisser et se faufiler entre les rochers, s&rsquo;amuser dans le clapot. Tr\u00e8s bon \u00e9tat. Prix [&hellip;]\" \/>\n<meta property=\"og:url\" content=\"https:\/\/plyvag.fr\/index.php\/occasion\/\" \/>\n<meta property=\"og:site_name\" content=\"PlyVag\" \/>\n<meta property=\"article:modified_time\" content=\"2026-04-11T12:19:25+00:00\" \/>\n<meta name=\"twitter:card\" content=\"summary_large_image\" \/>\n<meta name=\"twitter:label1\" content=\"Dur\u00e9e de lecture estim\u00e9e\" \/>\n\t<meta name=\"twitter:data1\" content=\"1 minute\" \/>\n<script type=\"application\/ld+json\" class=\"yoast-schema-graph\">{\"@context\":\"https:\\\/\\\/schema.org\",\"@graph\":[{\"@type\":\"WebPage\",\"@id\":\"https:\\\/\\\/plyvag.fr\\\/index.php\\\/occasion\\\/\",\"url\":\"https:\\\/\\\/plyvag.fr\\\/index.php\\\/occasion\\\/\",\"name\":\"Occasion - PlyVag\",\"isPartOf\":{\"@id\":\"https:\\\/\\\/plyvag.fr\\\/#website\"},\"datePublished\":\"2026-02-26T08:30:12+00:00\",\"dateModified\":\"2026-04-11T12:19:25+00:00\",\"breadcrumb\":{\"@id\":\"https:\\\/\\\/plyvag.fr\\\/index.php\\\/occasion\\\/#breadcrumb\"},\"inLanguage\":\"fr-FR\",\"potentialAction\":[{\"@type\":\"ReadAction\",\"target\":[\"https:\\\/\\\/plyvag.fr\\\/index.php\\\/occasion\\\/\"]}]},{\"@type\":\"BreadcrumbList\",\"@id\":\"https:\\\/\\\/plyvag.fr\\\/index.php\\\/occasion\\\/#breadcrumb\",\"itemListElement\":[{\"@type\":\"ListItem\",\"position\":1,\"name\":\"Accueil\",\"item\":\"https:\\\/\\\/plyvag.fr\\\/\"},{\"@type\":\"ListItem\",\"position\":2,\"name\":\"Occasion\"}]},{\"@type\":\"WebSite\",\"@id\":\"https:\\\/\\\/plyvag.fr\\\/#website\",\"url\":\"https:\\\/\\\/plyvag.fr\\\/\",\"name\":\"PlyVag\",\"description\":\"Atelier de conception et de fabrication de kayaks\",\"publisher\":{\"@id\":\"https:\\\/\\\/plyvag.fr\\\/#organization\"},\"potentialAction\":[{\"@type\":\"SearchAction\",\"target\":{\"@type\":\"EntryPoint\",\"urlTemplate\":\"https:\\\/\\\/plyvag.fr\\\/?s={search_term_string}\"},\"query-input\":{\"@type\":\"PropertyValueSpecification\",\"valueRequired\":true,\"valueName\":\"search_term_string\"}}],\"inLanguage\":\"fr-FR\"},{\"@type\":\"Organization\",\"@id\":\"https:\\\/\\\/plyvag.fr\\\/#organization\",\"name\":\"PlyVag\",\"url\":\"https:\\\/\\\/plyvag.fr\\\/\",\"logo\":{\"@type\":\"ImageObject\",\"inLanguage\":\"fr-FR\",\"@id\":\"https:\\\/\\\/plyvag.fr\\\/#\\\/schema\\\/logo\\\/image\\\/\",\"url\":\"https:\\\/\\\/plyvag.fr\\\/wp-content\\\/uploads\\\/2024\\\/11\\\/PHOTO-2024-11-11-12-55-52-e1760389416745.jpg\",\"contentUrl\":\"https:\\\/\\\/plyvag.fr\\\/wp-content\\\/uploads\\\/2024\\\/11\\\/PHOTO-2024-11-11-12-55-52-e1760389416745.jpg\",\"width\":920,\"height\":336,\"caption\":\"PlyVag\"},\"image\":{\"@id\":\"https:\\\/\\\/plyvag.fr\\\/#\\\/schema\\\/logo\\\/image\\\/\"}}]}<\/script>\n<!-- \/ Yoast SEO plugin. -->","yoast_head_json":{"title":"Occasion - PlyVag","robots":{"index":"index","follow":"follow","max-snippet":"max-snippet:-1","max-image-preview":"max-image-preview:large","max-video-preview":"max-video-preview:-1"},"canonical":"https:\/\/plyvag.fr\/index.php\/occasion\/","og_locale":"fr_FR","og_type":"article","og_title":"Occasion - PlyVag","og_description":"Malaouig 10 est \u00e0 vendre. Mod\u00e8le d&rsquo;exposition et d&rsquo;essai. Construit en Septembre 2025. L\u00e9ger, rapide, solide, une car\u00e8ne \u00e9prouv\u00e9e, un pont \u00e9tudi\u00e9 pour la randonn\u00e9e c\u00f4ti\u00e8re. Int\u00e9gralement construit dans l&rsquo;atelier \u00e0 Ploumanac&rsquo;h. Le kayak id\u00e9al pour explorer les rivages c\u00f4tiers, glisser et se faufiler entre les rochers, s&rsquo;amuser dans le clapot. Tr\u00e8s bon \u00e9tat. Prix [&hellip;]","og_url":"https:\/\/plyvag.fr\/index.php\/occasion\/","og_site_name":"PlyVag","article_modified_time":"2026-04-11T12:19:25+00:00","twitter_card":"summary_large_image","twitter_misc":{"Dur\u00e9e de lecture estim\u00e9e":"1 minute"},"schema":{"@context":"https:\/\/schema.org","@graph":[{"@type":"WebPage","@id":"https:\/\/plyvag.fr\/index.php\/occasion\/","url":"https:\/\/plyvag.fr\/index.php\/occasion\/","name":"Occasion - PlyVag","isPartOf":{"@id":"https:\/\/plyvag.fr\/#website"},"datePublished":"2026-02-26T08:30:12+00:00","dateModified":"2026-04-11T12:19:25+00:00","breadcrumb":{"@id":"https:\/\/plyvag.fr\/index.php\/occasion\/#breadcrumb"},"inLanguage":"fr-FR","potentialAction":[{"@type":"ReadAction","target":["https:\/\/plyvag.fr\/index.php\/occasion\/"]}]},{"@type":"BreadcrumbList","@id":"https:\/\/plyvag.fr\/index.php\/occasion\/#breadcrumb","itemListElement":[{"@type":"ListItem","position":1,"name":"Accueil","item":"https:\/\/plyvag.fr\/"},{"@type":"ListItem","position":2,"name":"Occasion"}]},{"@type":"WebSite","@id":"https:\/\/plyvag.fr\/#website","url":"https:\/\/plyvag.fr\/","name":"PlyVag","description":"Atelier de conception et de fabrication de kayaks","publisher":{"@id":"https:\/\/plyvag.fr\/#organization"},"potentialAction":[{"@type":"SearchAction","target":{"@type":"EntryPoint","urlTemplate":"https:\/\/plyvag.fr\/?s={search_term_string}"},"query-input":{"@type":"PropertyValueSpecification","valueRequired":true,"valueName":"search_term_string"}}],"inLanguage":"fr-FR"},{"@type":"Organization","@id":"https:\/\/plyvag.fr\/#organization","name":"PlyVag","url":"https:\/\/plyvag.fr\/","logo":{"@type":"ImageObject","inLanguage":"fr-FR","@id":"https:\/\/plyvag.fr\/#\/schema\/logo\/image\/","url":"https:\/\/plyvag.fr\/wp-content\/uploads\/2024\/11\/PHOTO-2024-11-11-12-55-52-e1760389416745.jpg","contentUrl":"https:\/\/plyvag.fr\/wp-content\/uploads\/2024\/11\/PHOTO-2024-11-11-12-55-52-e1760389416745.jpg","width":920,"height":336,"caption":"PlyVag"},"image":{"@id":"https:\/\/plyvag.fr\/#\/schema\/logo\/image\/"}}]}},"_links":{"self":[{"href":"https:\/\/plyvag.fr\/index.php\/wp-json\/wp\/v2\/pages\/995","targetHints":{"allow":["GET"]}}],"collection":[{"href":"https:\/\/plyvag.fr\/index.php\/wp-json\/wp\/v2\/pages"}],"about":[{"href":"https:\/\/plyvag.fr\/index.php\/wp-json\/wp\/v2\/types\/page"}],"author":[{"embeddable":true,"href":"https:\/\/plyvag.fr\/index.php\/wp-json\/wp\/v2\/users\/1"}],"replies":[{"embeddable":true,"href":"https:\/\/plyvag.fr\/index.php\/wp-json\/wp\/v2\/comments?post=995"}],"version-history":[{"count":8,"href":"https:\/\/plyvag.fr\/index.php\/wp-json\/wp\/v2\/pages\/995\/revisions"}],"predecessor-version":[{"id":1010,"href":"https:\/\/plyvag.fr\/index.php\/wp-json\/wp\/v2\/pages\/995\/revisions\/1010"}],"wp:attachment":[{"href":"https:\/\/plyvag.fr\/index.php\/wp-json\/wp\/v2\/media?parent=995"}],"curies":[{"name":"wp","href":"https:\/\/api.w.org\/{rel}","templated":true}]}}