{"id":697,"date":"2024-12-30T19:47:38","date_gmt":"2024-12-30T18:47:38","guid":{"rendered":"https:\/\/plyvag.fr\/?page_id=697"},"modified":"2026-02-26T10:24:54","modified_gmt":"2026-02-26T09:24:54","slug":"annexe-mojito-888","status":"publish","type":"page","link":"https:\/\/plyvag.fr\/index.php\/annexe-mojito-888\/","title":{"rendered":"Atelier"},"content":{"rendered":"\n<p>C&rsquo;est dans les c\u00f4tes d&rsquo;Armor, \u00e0 Ploumanac&rsquo;h, que sont enti\u00e8rement fabriqu\u00e9s les kayaks <strong>PlyVag<\/strong>, avec de la patience et la volont\u00e9 de faire un bel objet, solide et performant. <\/p>\n\n\n\n<p>Avant de commander votre kayak, vous souhaitez peut-\u00eatre visiter l&rsquo;atelier. C&rsquo;est tout \u00e0 fait possible : envoyer un message \u00e0 <a href=\"yann.guelou.plyvag@gmail.com\">yann.guelou.plyvag@gmail.com<\/a><\/p>\n\n\n\n<figure class=\"wp-block-image size-large is-style-rounded is-style-rounded--1\" style=\"margin-top:0;margin-right:0;margin-bottom:0;margin-left:0\"><img loading=\"lazy\" decoding=\"async\" width=\"1024\" height=\"768\" src=\"https:\/\/plyvag.fr\/wp-content\/uploads\/2025\/10\/IMG_3112-1024x768.jpeg\" alt=\"\" class=\"wp-image-915\" srcset=\"https:\/\/plyvag.fr\/wp-content\/uploads\/2025\/10\/IMG_3112-1024x768.jpeg 1024w, https:\/\/plyvag.fr\/wp-content\/uploads\/2025\/10\/IMG_3112-300x225.jpeg 300w, https:\/\/plyvag.fr\/wp-content\/uploads\/2025\/10\/IMG_3112-768x576.jpeg 768w, https:\/\/plyvag.fr\/wp-content\/uploads\/2025\/10\/IMG_3112-1536x1152.jpeg 1536w, https:\/\/plyvag.fr\/wp-content\/uploads\/2025\/10\/IMG_3112.jpeg 2048w\" sizes=\"auto, (max-width: 1024px) 100vw, 1024px\" \/><\/figure>\n\n\n\n<h2 class=\"wp-block-heading\"><strong>Principe de construction<\/strong><\/h2>\n\n\n\n<p>Les panneaux de contreplaqu\u00e9 marine sont d&rsquo;abord cousus avec des fils de cuivre puis coll\u00e9s avec de la r\u00e9sine \u00e9poxy charg\u00e9e. Les panneaux sont ensuite recouverts d&rsquo;une ou deux couches de r\u00e9sine \u00e9poxy puis stratifi\u00e9s  sur la face ext\u00e9rieure.<\/p>\n\n\n\n<figure class=\"wp-block-image size-large is-style-rounded is-style-rounded--2\"><img loading=\"lazy\" decoding=\"async\" width=\"1024\" height=\"769\" src=\"https:\/\/plyvag.fr\/wp-content\/uploads\/2025\/12\/IMG_4950-Enhanced-NR-1024x769.jpg\" alt=\"\" class=\"wp-image-966\" srcset=\"https:\/\/plyvag.fr\/wp-content\/uploads\/2025\/12\/IMG_4950-Enhanced-NR-1024x769.jpg 1024w, https:\/\/plyvag.fr\/wp-content\/uploads\/2025\/12\/IMG_4950-Enhanced-NR-300x225.jpg 300w, https:\/\/plyvag.fr\/wp-content\/uploads\/2025\/12\/IMG_4950-Enhanced-NR-768x577.jpg 768w, https:\/\/plyvag.fr\/wp-content\/uploads\/2025\/12\/IMG_4950-Enhanced-NR-1536x1153.jpg 1536w, https:\/\/plyvag.fr\/wp-content\/uploads\/2025\/12\/IMG_4950-Enhanced-NR-2048x1538.jpg 2048w\" sizes=\"auto, (max-width: 1024px) 100vw, 1024px\" \/><\/figure>\n\n\n\n<p class=\"has-text-align-right\">cr\u00e9dit photo : 912 studio<\/p>\n\n\n\n<h2 class=\"wp-block-heading\">Solidit\u00e9<\/h2>\n\n\n\n<p>Un kayak en bois \u00e9poxy se r\u00e9pare facilement. En cas de rayure l\u00e9g\u00e8re \u00e0 mod\u00e9r\u00e9e, il suffit de la recouvrir avec un filet d&rsquo;\u00e9poxy puis de recouvrir de vernis marin.<\/p>\n\n\n\n<p>En cas de dommage plus important, l&rsquo;atelier pourra r\u00e9parer la zone endommag\u00e9e.<\/p>\n\n\n\n<figure class=\"wp-block-image size-large is-style-rounded is-style-rounded--3\"><img loading=\"lazy\" decoding=\"async\" width=\"1024\" height=\"768\" src=\"https:\/\/plyvag.fr\/wp-content\/uploads\/2024\/07\/IMG_1271-1024x768.png\" alt=\"\" class=\"wp-image-517\" srcset=\"https:\/\/plyvag.fr\/wp-content\/uploads\/2024\/07\/IMG_1271-1024x768.png 1024w, https:\/\/plyvag.fr\/wp-content\/uploads\/2024\/07\/IMG_1271-300x225.png 300w, https:\/\/plyvag.fr\/wp-content\/uploads\/2024\/07\/IMG_1271-768x576.png 768w, https:\/\/plyvag.fr\/wp-content\/uploads\/2024\/07\/IMG_1271-1536x1152.png 1536w, https:\/\/plyvag.fr\/wp-content\/uploads\/2024\/07\/IMG_1271-2048x1536.png 2048w\" sizes=\"auto, (max-width: 1024px) 100vw, 1024px\" \/><\/figure>\n\n\n\n<h2 class=\"wp-block-heading\">Entretien<\/h2>\n\n\n\n<p>Un kayak en bois \u00e9poxy demande tr\u00e8s peu d&rsquo;entretien.<\/p>\n\n\n\n<p>Apr\u00e8s chaque sortie, il est recommand\u00e9 de laver le bateau avec une eau ti\u00e8de et un peu de produit vaisselle puis de le rincer \u00e0 l&rsquo;eau claire. Le kayak doit \u00eatre entrepos\u00e9 \u00e0 l&rsquo;endroit dans un abri sec et pas trop expos\u00e9 aux rayons du soleil.<\/p>\n\n\n\n<p>Tous les deux ans, d\u00e9monter l&rsquo;accastillage et passer un l\u00e9ger coup de papier de verre \u00e0 l&rsquo;eau. Passer ensuite une \u00e0 deux fines couches de vernis marin,   rien de plus. L&rsquo;atelier peut s&rsquo;en charger si vous le souhaitez.<\/p>\n\n\n\n<figure class=\"wp-block-image aligncenter size-medium\"><img loading=\"lazy\" decoding=\"async\" width=\"300\" height=\"296\" src=\"https:\/\/plyvag.fr\/wp-content\/uploads\/2024\/04\/logo10g-300x296.png\" alt=\"\" class=\"wp-image-413\" srcset=\"https:\/\/plyvag.fr\/wp-content\/uploads\/2024\/04\/logo10g-300x296.png 300w, https:\/\/plyvag.fr\/wp-content\/uploads\/2024\/04\/logo10g.png 560w\" sizes=\"auto, (max-width: 300px) 100vw, 300px\" \/><\/figure>\n\n\n\n<p>Quelques constructions r\u00e9alis\u00e9es \u00e0 l&rsquo;atelier (autres que le Malaouig) : <\/p>\n\n\n\n<h1 class=\"wp-block-heading has-text-align-left\">Gwennili<\/h1>\n\n\n\n<p class=\"has-text-align-center has-medium-font-size\">Dimensions : <strong>5,45 m par 0,52 m<\/strong><\/p>\n\n\n\n<p>Avec un design plus \u00e9lanc\u00e9, une ligne de quille plus droite, le <strong>Gwennili<\/strong> est tr\u00e8s appr\u00e9ci\u00e9 pour la pratique de l&rsquo;<strong>esquimautage<\/strong> mais il est aussi adapt\u00e9 \u00e0 la randonn\u00e9e c\u00f4ti\u00e8re \u00e0 la journ\u00e9e.<\/p>\n\n\n\n<p>Ce mod\u00e8le n&rsquo;est plus fabriqu\u00e9 \u00e0 l&rsquo;atelier mais peut-\u00eatre qu&rsquo;un jour, un exemplaire en parfait \u00e9tat sera \u00e0 vendre dans la rubrique occasion.<\/p>\n\n\n\n<figure class=\"wp-block-image size-large is-style-rounded is-style-rounded--4\"><img decoding=\"async\" src=\"https:\/\/plyvag.fr\/wp-content\/uploads\/2024\/02\/IMG_20230716_120807_099-scaled-e1708546003291-1024x404.jpg\" alt=\"\" class=\"wp-image-263\"\/><\/figure>\n\n\n\n<figure class=\"wp-block-gallery has-nested-images columns-default is-cropped wp-block-gallery-7 is-layout-flex wp-block-gallery-is-layout-flex\">\n<figure class=\"wp-block-image size-large is-style-rounded is-style-rounded--5\"><img loading=\"lazy\" decoding=\"async\" width=\"969\" height=\"1024\" data-id=\"355\" src=\"https:\/\/plyvag.fr\/wp-content\/uploads\/2024\/03\/gwennili23-969x1024.png\" alt=\"\" class=\"wp-image-355\" srcset=\"https:\/\/plyvag.fr\/wp-content\/uploads\/2024\/03\/gwennili23-969x1024.png 969w, https:\/\/plyvag.fr\/wp-content\/uploads\/2024\/03\/gwennili23-284x300.png 284w, https:\/\/plyvag.fr\/wp-content\/uploads\/2024\/03\/gwennili23-768x811.png 768w, https:\/\/plyvag.fr\/wp-content\/uploads\/2024\/03\/gwennili23-1454x1536.png 1454w, https:\/\/plyvag.fr\/wp-content\/uploads\/2024\/03\/gwennili23-1939x2048.png 1939w\" sizes=\"auto, (max-width: 969px) 100vw, 969px\" \/><\/figure>\n\n\n\n<figure class=\"wp-block-image size-large is-style-rounded is-style-rounded--6\"><img loading=\"lazy\" decoding=\"async\" width=\"870\" height=\"1024\" data-id=\"354\" src=\"https:\/\/plyvag.fr\/wp-content\/uploads\/2024\/03\/gwennili22-870x1024.png\" alt=\"\" class=\"wp-image-354\" srcset=\"https:\/\/plyvag.fr\/wp-content\/uploads\/2024\/03\/gwennili22-870x1024.png 870w, https:\/\/plyvag.fr\/wp-content\/uploads\/2024\/03\/gwennili22-255x300.png 255w, https:\/\/plyvag.fr\/wp-content\/uploads\/2024\/03\/gwennili22-768x904.png 768w, https:\/\/plyvag.fr\/wp-content\/uploads\/2024\/03\/gwennili22-1305x1536.png 1305w, https:\/\/plyvag.fr\/wp-content\/uploads\/2024\/03\/gwennili22-1741x2048.png 1741w\" sizes=\"auto, (max-width: 870px) 100vw, 870px\" \/><\/figure>\n<\/figure>\n\n\n\n<h1 class=\"wp-block-heading\">Kayaks surf<\/h1>\n\n\n\n<p>Sur commande, l\u2019atelier a d\u00e9j\u00e0 construit des kayaks de surf.<\/p>\n\n\n\n<p>En voici un, construit sp\u00e9cialement pour <strong><a href=\"https:\/\/www.njord-aventure.fr\/\">Njord Aventure<\/a><\/strong>.<\/p>\n\n\n\n<figure class=\"wp-block-image\"><img loading=\"lazy\" decoding=\"async\" width=\"1024\" height=\"768\" src=\"https:\/\/plyvag.fr\/wp-content\/uploads\/2024\/05\/IMG_20240419_143226_417-1024x768.jpg\" alt=\"\" class=\"wp-image-441\" srcset=\"https:\/\/plyvag.fr\/wp-content\/uploads\/2024\/05\/IMG_20240419_143226_417-1024x768.jpg 1024w, https:\/\/plyvag.fr\/wp-content\/uploads\/2024\/05\/IMG_20240419_143226_417-300x225.jpg 300w, https:\/\/plyvag.fr\/wp-content\/uploads\/2024\/05\/IMG_20240419_143226_417-768x576.jpg 768w, https:\/\/plyvag.fr\/wp-content\/uploads\/2024\/05\/IMG_20240419_143226_417-1536x1152.jpg 1536w, https:\/\/plyvag.fr\/wp-content\/uploads\/2024\/05\/IMG_20240419_143226_417-2048x1536.jpg 2048w\" sizes=\"auto, (max-width: 1024px) 100vw, 1024px\" \/><\/figure>\n\n\n\n<p>Voici un autre mod\u00e8le, un plan Chesapeake Light Craft : <strong>Le Matunuck<\/strong>, Il p\u00e8se moins de 10 kg et mesure 2,50m.<\/p>\n\n\n\n<figure class=\"wp-block-image\"><img loading=\"lazy\" decoding=\"async\" width=\"1024\" height=\"190\" src=\"https:\/\/plyvag.fr\/wp-content\/uploads\/2024\/01\/matunuck3-1024x190.png\" alt=\"\" class=\"wp-image-131\" srcset=\"https:\/\/plyvag.fr\/wp-content\/uploads\/2024\/01\/matunuck3-1024x190.png 1024w, https:\/\/plyvag.fr\/wp-content\/uploads\/2024\/01\/matunuck3-300x56.png 300w, https:\/\/plyvag.fr\/wp-content\/uploads\/2024\/01\/matunuck3-768x143.png 768w, https:\/\/plyvag.fr\/wp-content\/uploads\/2024\/01\/matunuck3-1536x286.png 1536w, https:\/\/plyvag.fr\/wp-content\/uploads\/2024\/01\/matunuck3-2048x381.png 2048w\" sizes=\"auto, (max-width: 1024px) 100vw, 1024px\" \/><\/figure>\n\n\n\n<p>Une construction originale qui m&rsquo;a permis de d\u00e9couvrir les assemblages par joints puzzle en lieu et place des scarfs pour abouter deux panneaux.<\/p>\n\n\n\n<p><\/p>\n","protected":false},"excerpt":{"rendered":"<p>C&rsquo;est dans les c\u00f4tes d&rsquo;Armor, \u00e0 Ploumanac&rsquo;h, que sont enti\u00e8rement fabriqu\u00e9s les kayaks PlyVag, avec de la patience et la volont\u00e9 de faire un bel objet, solide et performant. Avant de commander votre kayak, vous souhaitez peut-\u00eatre visiter l&rsquo;atelier. C&rsquo;est tout \u00e0 fait possible : envoyer un message \u00e0 yann.guelou.plyvag@gmail.com Principe de construction Les panneaux [&hellip;]<\/p>\n","protected":false},"author":1,"featured_media":0,"parent":0,"menu_order":4,"comment_status":"closed","ping_status":"closed","template":"","meta":{"footnotes":""},"class_list":["post-697","page","type-page","status-publish","hentry"],"yoast_head":"<!-- This site is optimized with the Yoast SEO plugin v27.4 - https:\/\/yoast.com\/product\/yoast-seo-wordpress\/ -->\n<title>Atelier - PlyVag<\/title>\n<meta name=\"robots\" content=\"index, follow, max-snippet:-1, max-image-preview:large, max-video-preview:-1\" \/>\n<link rel=\"canonical\" href=\"https:\/\/plyvag.fr\/index.php\/annexe-mojito-888\/\" \/>\n<meta property=\"og:locale\" content=\"fr_FR\" \/>\n<meta property=\"og:type\" content=\"article\" \/>\n<meta property=\"og:title\" content=\"Atelier - PlyVag\" \/>\n<meta property=\"og:description\" content=\"C&rsquo;est dans les c\u00f4tes d&rsquo;Armor, \u00e0 Ploumanac&rsquo;h, que sont enti\u00e8rement fabriqu\u00e9s les kayaks PlyVag, avec de la patience et la volont\u00e9 de faire un bel objet, solide et performant. Avant de commander votre kayak, vous souhaitez peut-\u00eatre visiter l&rsquo;atelier. C&rsquo;est tout \u00e0 fait possible : envoyer un message \u00e0 yann.guelou.plyvag@gmail.com Principe de construction Les panneaux [&hellip;]\" \/>\n<meta property=\"og:url\" content=\"https:\/\/plyvag.fr\/index.php\/annexe-mojito-888\/\" \/>\n<meta property=\"og:site_name\" content=\"PlyVag\" \/>\n<meta property=\"article:modified_time\" content=\"2026-02-26T09:24:54+00:00\" \/>\n<meta property=\"og:image\" content=\"https:\/\/plyvag.fr\/wp-content\/uploads\/2025\/10\/IMG_3112.jpeg\" \/>\n\t<meta property=\"og:image:width\" content=\"2048\" \/>\n\t<meta property=\"og:image:height\" content=\"1536\" \/>\n\t<meta property=\"og:image:type\" content=\"image\/jpeg\" \/>\n<meta name=\"twitter:card\" content=\"summary_large_image\" \/>\n<meta name=\"twitter:label1\" content=\"Dur\u00e9e de lecture estim\u00e9e\" \/>\n\t<meta name=\"twitter:data1\" content=\"4 minutes\" \/>\n<script type=\"application\/ld+json\" class=\"yoast-schema-graph\">{\"@context\":\"https:\\\/\\\/schema.org\",\"@graph\":[{\"@type\":\"WebPage\",\"@id\":\"https:\\\/\\\/plyvag.fr\\\/index.php\\\/annexe-mojito-888\\\/\",\"url\":\"https:\\\/\\\/plyvag.fr\\\/index.php\\\/annexe-mojito-888\\\/\",\"name\":\"Atelier - PlyVag\",\"isPartOf\":{\"@id\":\"https:\\\/\\\/plyvag.fr\\\/#website\"},\"primaryImageOfPage\":{\"@id\":\"https:\\\/\\\/plyvag.fr\\\/index.php\\\/annexe-mojito-888\\\/#primaryimage\"},\"image\":{\"@id\":\"https:\\\/\\\/plyvag.fr\\\/index.php\\\/annexe-mojito-888\\\/#primaryimage\"},\"thumbnailUrl\":\"https:\\\/\\\/plyvag.fr\\\/wp-content\\\/uploads\\\/2025\\\/10\\\/IMG_3112-1024x768.jpeg\",\"datePublished\":\"2024-12-30T18:47:38+00:00\",\"dateModified\":\"2026-02-26T09:24:54+00:00\",\"breadcrumb\":{\"@id\":\"https:\\\/\\\/plyvag.fr\\\/index.php\\\/annexe-mojito-888\\\/#breadcrumb\"},\"inLanguage\":\"fr-FR\",\"potentialAction\":[{\"@type\":\"ReadAction\",\"target\":[\"https:\\\/\\\/plyvag.fr\\\/index.php\\\/annexe-mojito-888\\\/\"]}]},{\"@type\":\"ImageObject\",\"inLanguage\":\"fr-FR\",\"@id\":\"https:\\\/\\\/plyvag.fr\\\/index.php\\\/annexe-mojito-888\\\/#primaryimage\",\"url\":\"https:\\\/\\\/plyvag.fr\\\/wp-content\\\/uploads\\\/2025\\\/10\\\/IMG_3112.jpeg\",\"contentUrl\":\"https:\\\/\\\/plyvag.fr\\\/wp-content\\\/uploads\\\/2025\\\/10\\\/IMG_3112.jpeg\",\"width\":2048,\"height\":1536},{\"@type\":\"BreadcrumbList\",\"@id\":\"https:\\\/\\\/plyvag.fr\\\/index.php\\\/annexe-mojito-888\\\/#breadcrumb\",\"itemListElement\":[{\"@type\":\"ListItem\",\"position\":1,\"name\":\"Accueil\",\"item\":\"https:\\\/\\\/plyvag.fr\\\/\"},{\"@type\":\"ListItem\",\"position\":2,\"name\":\"Atelier\"}]},{\"@type\":\"WebSite\",\"@id\":\"https:\\\/\\\/plyvag.fr\\\/#website\",\"url\":\"https:\\\/\\\/plyvag.fr\\\/\",\"name\":\"PlyVag\",\"description\":\"Atelier de conception et de fabrication de kayaks\",\"publisher\":{\"@id\":\"https:\\\/\\\/plyvag.fr\\\/#organization\"},\"potentialAction\":[{\"@type\":\"SearchAction\",\"target\":{\"@type\":\"EntryPoint\",\"urlTemplate\":\"https:\\\/\\\/plyvag.fr\\\/?s={search_term_string}\"},\"query-input\":{\"@type\":\"PropertyValueSpecification\",\"valueRequired\":true,\"valueName\":\"search_term_string\"}}],\"inLanguage\":\"fr-FR\"},{\"@type\":\"Organization\",\"@id\":\"https:\\\/\\\/plyvag.fr\\\/#organization\",\"name\":\"PlyVag\",\"url\":\"https:\\\/\\\/plyvag.fr\\\/\",\"logo\":{\"@type\":\"ImageObject\",\"inLanguage\":\"fr-FR\",\"@id\":\"https:\\\/\\\/plyvag.fr\\\/#\\\/schema\\\/logo\\\/image\\\/\",\"url\":\"https:\\\/\\\/plyvag.fr\\\/wp-content\\\/uploads\\\/2024\\\/11\\\/PHOTO-2024-11-11-12-55-52-e1760389416745.jpg\",\"contentUrl\":\"https:\\\/\\\/plyvag.fr\\\/wp-content\\\/uploads\\\/2024\\\/11\\\/PHOTO-2024-11-11-12-55-52-e1760389416745.jpg\",\"width\":920,\"height\":336,\"caption\":\"PlyVag\"},\"image\":{\"@id\":\"https:\\\/\\\/plyvag.fr\\\/#\\\/schema\\\/logo\\\/image\\\/\"}}]}<\/script>\n<!-- \/ Yoast SEO plugin. -->","yoast_head_json":{"title":"Atelier - PlyVag","robots":{"index":"index","follow":"follow","max-snippet":"max-snippet:-1","max-image-preview":"max-image-preview:large","max-video-preview":"max-video-preview:-1"},"canonical":"https:\/\/plyvag.fr\/index.php\/annexe-mojito-888\/","og_locale":"fr_FR","og_type":"article","og_title":"Atelier - PlyVag","og_description":"C&rsquo;est dans les c\u00f4tes d&rsquo;Armor, \u00e0 Ploumanac&rsquo;h, que sont enti\u00e8rement fabriqu\u00e9s les kayaks PlyVag, avec de la patience et la volont\u00e9 de faire un bel objet, solide et performant. Avant de commander votre kayak, vous souhaitez peut-\u00eatre visiter l&rsquo;atelier. C&rsquo;est tout \u00e0 fait possible : envoyer un message \u00e0 yann.guelou.plyvag@gmail.com Principe de construction Les panneaux [&hellip;]","og_url":"https:\/\/plyvag.fr\/index.php\/annexe-mojito-888\/","og_site_name":"PlyVag","article_modified_time":"2026-02-26T09:24:54+00:00","og_image":[{"width":2048,"height":1536,"url":"https:\/\/plyvag.fr\/wp-content\/uploads\/2025\/10\/IMG_3112.jpeg","type":"image\/jpeg"}],"twitter_card":"summary_large_image","twitter_misc":{"Dur\u00e9e de lecture estim\u00e9e":"4 minutes"},"schema":{"@context":"https:\/\/schema.org","@graph":[{"@type":"WebPage","@id":"https:\/\/plyvag.fr\/index.php\/annexe-mojito-888\/","url":"https:\/\/plyvag.fr\/index.php\/annexe-mojito-888\/","name":"Atelier - PlyVag","isPartOf":{"@id":"https:\/\/plyvag.fr\/#website"},"primaryImageOfPage":{"@id":"https:\/\/plyvag.fr\/index.php\/annexe-mojito-888\/#primaryimage"},"image":{"@id":"https:\/\/plyvag.fr\/index.php\/annexe-mojito-888\/#primaryimage"},"thumbnailUrl":"https:\/\/plyvag.fr\/wp-content\/uploads\/2025\/10\/IMG_3112-1024x768.jpeg","datePublished":"2024-12-30T18:47:38+00:00","dateModified":"2026-02-26T09:24:54+00:00","breadcrumb":{"@id":"https:\/\/plyvag.fr\/index.php\/annexe-mojito-888\/#breadcrumb"},"inLanguage":"fr-FR","potentialAction":[{"@type":"ReadAction","target":["https:\/\/plyvag.fr\/index.php\/annexe-mojito-888\/"]}]},{"@type":"ImageObject","inLanguage":"fr-FR","@id":"https:\/\/plyvag.fr\/index.php\/annexe-mojito-888\/#primaryimage","url":"https:\/\/plyvag.fr\/wp-content\/uploads\/2025\/10\/IMG_3112.jpeg","contentUrl":"https:\/\/plyvag.fr\/wp-content\/uploads\/2025\/10\/IMG_3112.jpeg","width":2048,"height":1536},{"@type":"BreadcrumbList","@id":"https:\/\/plyvag.fr\/index.php\/annexe-mojito-888\/#breadcrumb","itemListElement":[{"@type":"ListItem","position":1,"name":"Accueil","item":"https:\/\/plyvag.fr\/"},{"@type":"ListItem","position":2,"name":"Atelier"}]},{"@type":"WebSite","@id":"https:\/\/plyvag.fr\/#website","url":"https:\/\/plyvag.fr\/","name":"PlyVag","description":"Atelier de conception et de fabrication de kayaks","publisher":{"@id":"https:\/\/plyvag.fr\/#organization"},"potentialAction":[{"@type":"SearchAction","target":{"@type":"EntryPoint","urlTemplate":"https:\/\/plyvag.fr\/?s={search_term_string}"},"query-input":{"@type":"PropertyValueSpecification","valueRequired":true,"valueName":"search_term_string"}}],"inLanguage":"fr-FR"},{"@type":"Organization","@id":"https:\/\/plyvag.fr\/#organization","name":"PlyVag","url":"https:\/\/plyvag.fr\/","logo":{"@type":"ImageObject","inLanguage":"fr-FR","@id":"https:\/\/plyvag.fr\/#\/schema\/logo\/image\/","url":"https:\/\/plyvag.fr\/wp-content\/uploads\/2024\/11\/PHOTO-2024-11-11-12-55-52-e1760389416745.jpg","contentUrl":"https:\/\/plyvag.fr\/wp-content\/uploads\/2024\/11\/PHOTO-2024-11-11-12-55-52-e1760389416745.jpg","width":920,"height":336,"caption":"PlyVag"},"image":{"@id":"https:\/\/plyvag.fr\/#\/schema\/logo\/image\/"}}]}},"_links":{"self":[{"href":"https:\/\/plyvag.fr\/index.php\/wp-json\/wp\/v2\/pages\/697","targetHints":{"allow":["GET"]}}],"collection":[{"href":"https:\/\/plyvag.fr\/index.php\/wp-json\/wp\/v2\/pages"}],"about":[{"href":"https:\/\/plyvag.fr\/index.php\/wp-json\/wp\/v2\/types\/page"}],"author":[{"embeddable":true,"href":"https:\/\/plyvag.fr\/index.php\/wp-json\/wp\/v2\/users\/1"}],"replies":[{"embeddable":true,"href":"https:\/\/plyvag.fr\/index.php\/wp-json\/wp\/v2\/comments?post=697"}],"version-history":[{"count":25,"href":"https:\/\/plyvag.fr\/index.php\/wp-json\/wp\/v2\/pages\/697\/revisions"}],"predecessor-version":[{"id":992,"href":"https:\/\/plyvag.fr\/index.php\/wp-json\/wp\/v2\/pages\/697\/revisions\/992"}],"wp:attachment":[{"href":"https:\/\/plyvag.fr\/index.php\/wp-json\/wp\/v2\/media?parent=697"}],"curies":[{"name":"wp","href":"https:\/\/api.w.org\/{rel}","templated":true}]}}